5*h**2 + 6*h + 32. Let a(u) = f*k(u) + 5*d(u). Determine a(-12).
4
Let d(y) = -3*y**3 + 4*y**3 - 4*y**2 + 4*y - 3 + 9*y**2 - 2*y**3. Let a(p) = -8*p - 6. Let h be a(-11). Let q = h + -76. Determine d(q).
-15
Let f(r) = -46*r - 74. Let g be (8/(-30)*(-45 - -42))/(6/(-15)). Determine f(g).
18
Let h(f) = 7*f. Let w(b) = 11746*b + 54 - 26 - 11767*b + 74 - b**2. Let s be w(4). Give h(s).
14
Let c(t) = t**3 - t**2 - 4*t + 6. Let r be c(2). Let i(b) = -51 + b**r + 61 + 13*b - 21 - 5*b. Give i(-10).
9
Let y(f) = -f**2 - 19*f - 45. Suppose 4*t - 10*h + 12*h + 32 = 0, 4*t - 4*h = -68. Give y(t).
43
Let a(h) = -3*h**2 + 7*h - 2. Let q be a(1). Let y be (-2)/5 - (-22)/5. Let n(t) = -y*t**2 + 3*t**2 - 1 + 5*t**2 + q. Calculate n(-1).
5
Suppose 0 = 75*i - 83*i + 336. Suppose -6 = -8*z + i. Let h(t) = -t**3 + 5*t**2 + 7*t + 4. Calculate h(z).
10
Let i(j) = -21*j + 1. Let t(d) = -d. Let u(f) = i(f) + 2*t(f). Let k = 11750 + -11751. Calculate u(k).
24
Let y(p) = -2199*p + 3 + 967*p + 1234*p. Suppose 4*u - 7*o = -3*o, -2*o = u. Calculate y(u).
3
Suppose 8*g - 136 = 4*r, -12 = 2*g + 2*r - 28. Let v(f) = -6*f + 68. Calculate v(g).
-16
Let x(k) = 3*k + 23. Let v(j) = -j + 11. Let i(y) = 8*v(y) - 4*x(y). Calculate i(-2).
36
Let d(n) = n**3 - 6*n**2 + 3*n - 1. Suppose 2*p + r + 5 = 55, -3*p = 4*r - 80. Suppose 0 = p*u - 76 - 68. What is d(u)?
17
Let a(o) be the second derivative of -4/3*o**3 + 0 - 1/12*o**4 + 388*o + o**2. Suppose 0*t = 3*t + 27. Calculate a(t).
-7
Let j(i) = -4 - 11*i + 2 + 3*i. Suppose -8*x - 38 + 7 = -p, -4*p = -3*x - 8. Calculate j(p).
6
Let q(z) = 9*z**2 - 3*z + 117. Let f be q(13). Let k(h) = -4 + 2*h**2 - 4 - 3*h**2 + f*h + 2 - 1600*h. Calculate k(-4).
-18
Let w(a) be the first derivative of a**2/2 - 4*a - 1. Let u(i) = i**3 - 28*i**2 - 72*i - 6. Let x be u(31). Let g = x - 639. Calculate w(g).
2
Let u(t) be the second derivative of t**5/20 + 11*t**4/6 - t**3/3 - 31*t**2/2 + 7805*t. Calculate u(-22).
13
Let z(s) = -5*s - s**3 + 0*s**3 + 2 - 5*s**2 + s. Let l be 425/8 - 43/344. Suppose -4*b - 2*g - 22 = 0, -l*g - 3 = -52*g. Determine z(b).
2
Suppose 2*h = -19*t + 20*t - 4, -4*t + 13 = -5*h. Let j(m) = m**2 - 5*m**2 + 5*m - 1146*m**3 + 1147*m**3 - m**t. Give j(4).
4
Let q(b) = -45*b - 8. Let w = -28557 - -28555. Give q(w).
82
Let u(f) be the first derivative of -f**4/4 + 4*f**3/3 - 5*f**2/2 + 4*f + 833. Calculate u(3).
-2
Let h(u) = -3*u - 1. Let w(i) = -239*i - 236*i - 235*i - 5 - 237*i + 941*i. Let o = -6 - -4. Let m be w(o). Give h(m).
-22
Let z(k) = -2*k**3 + 11*k**2 - 10*k + 1. Let a be 10/3*((-2)/(-10) + 1). What is z(a)?
9
Suppose -11*u + 2497 = -0*u. Let i = -221 + u. Let j(g) be the second derivative of -g**4/12 + 7*g**3/6 - 7*g**2/2 - g. Give j(i).
-1
Let k(o) = -o**2 - 66*o - 353. Let v be k(-6). Let a(p) = 11*p**2 - 3*p + 14. Let s(x) = 5*x**2 - x + 7. Let g(f) = 6*a(f) - 13*s(f). Determine g(v).
7
Suppose 4*v - 4*u = -0*v + 20, -5*u = v + 19. Suppose -16*a - v = -49. Let p(k) = k + 4. Determine p(a).
7
Let p be 15/(-10)*8/(-3). Suppose c + p*x + 20 = -c, -4*c - 32 = 4*x. Let w(r) = 4*r**3 - 6 - 3*r - 20 + 28 + 6*r**2 - 3*r**3 + 5*r. Give w(c).
-10
Let q(y) = -2 - 3 - 1 + y**2 - 21*y - 2*y**2 + 0*y. Determine q(-18).
48
Let m(u) = -14 - 19*u**2 - u**3 - 30*u - 5*u + 20*u. What is m(-18)?
-68
Suppose 41*x = 44*x + 18, -d + 21 = -3*x. Let b(f) be the first derivative of -2*f - 22 - f**d + 7/2*f**2 - 1/4*f**4. Give b(-5).
13
Suppose 28*t - 200 = -60. Let b(j) be the second derivative of j**4/12 - 7*j**3/6 + j**2 + 28*j. Give b(t).
-8
Let r(l) = -11*l**2 - 6*l + 4. Let v(m) = -2*m**2 - m + 2. Let h(z) = r(z) - 6*v(z). Let i = 15 - 21. What is h(i)?
28
Let m(r) be the third derivative of 0 + 5/24*r**4 + 1/30*r**5 + 98*r**2 + 0*r - 1/6*r**3. Calculate m(-4).
11
Let o(l) = -3*l - 13. Let f(h) = -h + 3*h + 0*h + 88 - 40 - 45. Let d(j) = 2*f(j) + o(j). What is d(0)?
-7
Let c(z) = -991 - z**3 + 463 + 544 + 6*z - 4*z**2. Give c(-3).
-11
Let r(v) be the first derivative of -3*v**2/2 - 26*v - 889. Suppose 3*l - 2*w + 28 = 0, -3*l - 4*w = -0*l + 16. Determine r(l).
-2
Let y(w) = -17 + 2*w**3 - 15*w**2 + 19 + 13*w - 2*w**3 + w**3 + 9. Calculate y(14).
-3
Let o be 1 + -15 + (-330)/88*(-8)/(-6). Let f(r) = -4*r - 68. Give f(o).
8
Let i(o) = -5*o**2 + 160*o + 12. Let f be i(32). Let x(p) = -p + 4*p + 2*p + 5 - f*p. Determine x(5).
-30
Let l be 40/(-10) - (-34)/(-30) - 44/(-330). Let g(j) = 3*j**2 + 7*j + 2. What is g(l)?
42
Let s(d) = 9*d - 3. Suppose 0 = 4*o - 4*q - 32, -2*q = -5*q - 12. Suppose 0 = r + 5*p + o + 4, -5*r + 4*p = -18. Give s(r).
15
Suppose 803*q - 804*q + 5*n + 35 = 0, -5*q + 3*n = -43. Let s(d) = -d**2 + 7*d - 46. Give s(q).
-36
Suppose 4*o - 79 = 3*w, 0 = -3*o - 5*w - 11 + 34. Let y(m) = -o - 5 + 25 - m. Determine y(7).
-3
Let a(h) = -23*h + 5. Suppose -69*g = -29*g - 80. Give a(g).
-41
Let g = 20227 + -20215. Let j(h) = -h**3 + 13*h**2 - 6*h - 1. Determine j(g).
71
Let i(m) = m**2 - 7*m + 5. Let q(k) be the second derivative of 5*k**4/12 + k**3/6 - k**2 - 7*k - 3. Let p be q(1). Calculate i(p).
-7
Let i(u) = -2*u + 4*u**2 - 2 - 3*u**2 - 1. Let w be ((-1 - -1)*1)/(77 - 78). Give i(w).
-3
Suppose 40 + 40 = -11*m + m. Let s(r) = -r**2 - 17*r - 45. Determine s(m).
27
Let c(v) = -v**2 - 5*v + 93. Let l be c(7). Let j(f) = f - 2. Give j(l).
7
Let n(x) be the third derivative of -x**4/2 - 11*x**3/6 + 13*x**2 - 6. Calculate n(3).
-47
Let h(c) = -2*c**2 + 8*c + 12. Let r be h(5). Suppose -28 = r*y - 3*y. Let a be (-2)/3 - y/21. Let q(n) = 2*n**3 + n**2 - 3*n - 2. Give q(a).
-8
Suppose 5*t = -4*c + 23, 5*t = -5*c + 18 + 7. Let d(k) = 8*k + 2*k**c + 41*k - 9*k - 20 - 9*k. Determine d(-16).
-4
Let u(t) = -t**3 - 5*t**2 + 23*t - 3. Let l be u(3). Let k be 2/2 - 13 - 1. Let n(c) = -c - 3. Let f(q) = 2*q + 7. Let j(v) = k*n(v) - 6*f(v). Give j(l).
-9
Let j(g) = g**2 + g + 12. Suppose 4*w = -m - m + 6, 3*w + 3*m = 3. Suppose v = -w*b, -3*v = -v + 5*b. Determine j(v).
12
Let b(x) = -7*x - 1. Let w(n) = -6*n - 1. Let m(i) = -2*b(i) + 3*w(i). Let u(q) = -5*q - 2. Let t(l) = 6*m(l) - 5*u(l). Let v = 1068 + -1071. What is t(v)?
1
Let z = -11379 + 11383. Suppose t - 2 = 2. Suppose -t*p - 2 = -0*j + 2*j, 0 = -4*p - z. Let o(f) = -6*f. Give o(j).
-6
Let o be (-55)/(-22)*4/5. Let l(f) = 2*f**2 - 27*f**2 + 1 + 24*f**o - 2*f. Calculate l(-3).
-2
Let d = 79 - 77. Let p(h) = 215 + h**3 - 217 - h - 3*h + 2*h**d. Calculate p(-4).
-18
Suppose 2*f - 2*m + 0*m = -642, 0 = 2*f - m + 643. Let r = f - -575. Let b(o) = -2 - 2*o**2 - 257*o + o**2 + r*o. What is b(-2)?
2
Let x be (8/32)/(4/112). Let o(j) = j**3 - 11*j**2 + 24*j + 3. Calculate o(x).
-25
Let a be -21 - (-28 - -7 - 3). Let m(r) be the first derivative of -4*r**3/3 + 3*r**2 - r - 1. Calculate m(a).
-19
Let d = 129 + -118. Suppose -6*i + d*i - 5 = 5*y, -y + 19 = 3*i. Let l(u) be the first derivative of u**4/4 - 4*u**3/3 + u**2/2 + 3*u - 2. Calculate l(y).
7
Let w(z) = -243*z - 252*z + 497*z + 28. What is w(-7)?
14
Suppose 1077 = -39*n + 336. Let i(t) = 2*t**2 + 40*t + 36. Give i(n).
-2
Let v be 6/2*(-6 + (-120)/(-18)). Let y(d) = -30 + 0 + v*d + 0*d + 17. What is y(9)?
5
Let l(z) be the third derivative of -z**4/12 - 2*z**3/3 + z**2. Suppose -301*s + 299*s + 3*k = 34, 5*s - 2*k = -52. Give l(s).
12
Let b = 92 - 87. Suppose -f + b = -5*l - 17, 0 = -2*l - 10. Let v(z) = 7*z - 2. What is v(f)?
-23
Let n(u) = 4*u**2 - 2*u + 1. Let c = -46 + 32. Let w = 16 + c. Suppose -w*p + 27 = 5*y, 5*y - 22 = -2*p + y. Determine n(p).
3
Let x(y) = -y**2 - 11. Let t(n) = 3*n**2 + 21*n - 24. Suppose 0 = 3*i + 10*d - 9*d + 26, 0 = 3*i + 2*d + 28. Let o be t(i). Give x(o).
-11
Suppose -494 - 528 = -7*g. Let j(z) = -g + 75 + 6*z + 11*z + 72. What is j(-1)?
-16
Let f(n) = 3*n**3 + n**2 - 8*n - 1. Let t(d) = 16*d**3 - 17*d**2 - 42*d - 27. Let j(o) = 5*f(o) - t(o). Calculate j(22).
66
Suppose 6*t + 150 = 450. Let n(c) = 5*c**3 - 114 + 2*c + 59 + t. Let a(b) = -4*b**3 + b**2 - 2*b + 5. Let g(s) = -6*a(s) - 5*n(s). Calculate g(-6).
-17
Let j(c) = 60805 + 3*c**3 - 60806 - 12*c**3 + 3*c + 2*c**3 + 6*c**3 + 2*c**2. Let d(v) = -v**3 - 2*v**2 + v - 3. Let h be d(-3). What is j(h)?
-1
Let w(l) be the second derivative of -l**3/6 - 4*l**2 + 74*l. Let c be 3 + ((-8)/24)/((-2)/(-18)). Give w(c).
-8
Let i(g) = -2*g**2 + 33*g - 114. Let k(f)